{"id":1531,"date":"2024-01-12T07:51:59","date_gmt":"2024-01-12T07:51:59","guid":{"rendered":"https:\/\/www.qualityexportsm.com\/beta\/?post_type=product&#038;p=1531"},"modified":"2024-02-08T02:52:50","modified_gmt":"2024-02-08T02:52:50","slug":"naval","status":"publish","type":"product","link":"https:\/\/www.qualityexportsm.com\/beta\/producto\/naval\/","title":{"rendered":"Naval"},"content":{"rendered":"","protected":false},"excerpt":{"rendered":"<p>La palta Naval tiene una piel granulosa y mas gruesa que todas las variedades. Su pulpa es verde p\u00e1lido con una textura cremosa. Dentro de sus caracter\u00edsticas es su maduraci\u00f3n se aprecia que su piel se oscurece adem\u00e1s de que pueden pesar f\u00e1cilmente hasta 500 kilogramos cada una. Se cultiva entre el nivel del mar y los 1500 msnm en valles c\u00e1lidos, porque es sensible al fr\u00edo.<\/p>\n","protected":false},"featured_media":1613,"template":"","meta":[],"product_brand":[],"product_cat":[24],"product_tag":[],"class_list":{"0":"post-1531","1":"product","2":"type-product","3":"status-publish","4":"has-post-thumbnail","6":"product_cat-palta","8":"first","9":"instock","10":"shipping-taxable","11":"product-type-simple"},"_links":{"self":[{"href":"https:\/\/www.qualityexportsm.com\/beta\/wp-json\/wp\/v2\/product\/1531","targetHints":{"allow":["GET"]}}],"collection":[{"href":"https:\/\/www.qualityexportsm.com\/beta\/wp-json\/wp\/v2\/product"}],"about":[{"href":"https:\/\/www.qualityexportsm.com\/beta\/wp-json\/wp\/v2\/types\/product"}],"wp:featuredmedia":[{"embeddable":true,"href":"https:\/\/www.qualityexportsm.com\/beta\/wp-json\/wp\/v2\/media\/1613"}],"wp:attachment":[{"href":"https:\/\/www.qualityexportsm.com\/beta\/wp-json\/wp\/v2\/media?parent=1531"}],"wp:term":[{"taxonomy":"product_brand","embeddable":true,"href":"https:\/\/www.qualityexportsm.com\/beta\/wp-json\/wp\/v2\/product_brand?post=1531"},{"taxonomy":"product_cat","embeddable":true,"href":"https:\/\/www.qualityexportsm.com\/beta\/wp-json\/wp\/v2\/product_cat?post=1531"},{"taxonomy":"product_tag","embeddable":true,"href":"https:\/\/www.qualityexportsm.com\/beta\/wp-json\/wp\/v2\/product_tag?post=1531"}],"curies":[{"name":"wp","href":"https:\/\/api.w.org\/{rel}","templated":true}]}}