{"id":1532,"date":"2024-01-12T07:52:37","date_gmt":"2024-01-12T07:52:37","guid":{"rendered":"https:\/\/www.qualityexportsm.com\/beta\/?post_type=product&#038;p=1532"},"modified":"2024-02-07T05:52:16","modified_gmt":"2024-02-07T05:52:16","slug":"honey-murcott","status":"publish","type":"product","link":"https:\/\/www.qualityexportsm.com\/beta\/producto\/honey-murcott\/","title":{"rendered":"Honey Murcott"},"content":{"rendered":"","protected":false},"excerpt":{"rendered":"<p>Honey Murcott es un \u00e1rbol tupido moderadamente vigoroso. Una mandarina de maduraci\u00f3n tard\u00eda produce una fruta de tama\u00f1o mediano, firme y de excelente sabor entre agosto y octubre. El sabor es rico y el contenido de jugo es alto.<\/p>\n<p>Este fruto es de tama\u00f1o grande con una media de 85 mm. Su forma es aplastada y su corteza de color naranja-amarillento, lisa, tersa y fina, adherida a la pulpa, aunque se pela con facilidad. Cabe resaltar que esta variedad de mandarinas carece de pepas mas posee gran carnosidad y un sabor muy caracter\u00edstico. La pulpa es de color naranja brillante y jugosa con un sabor rico y dulce. Las mandarinas Murcott no tienen semillas.<\/p>\n","protected":false},"featured_media":1611,"template":"","meta":[],"product_brand":[],"product_cat":[25],"product_tag":[],"class_list":{"0":"post-1532","1":"product","2":"type-product","3":"status-publish","4":"has-post-thumbnail","6":"product_cat-frutos-citricos","8":"first","9":"instock","10":"featured","11":"shipping-taxable","12":"product-type-simple"},"_links":{"self":[{"href":"https:\/\/www.qualityexportsm.com\/beta\/wp-json\/wp\/v2\/product\/1532","targetHints":{"allow":["GET"]}}],"collection":[{"href":"https:\/\/www.qualityexportsm.com\/beta\/wp-json\/wp\/v2\/product"}],"about":[{"href":"https:\/\/www.qualityexportsm.com\/beta\/wp-json\/wp\/v2\/types\/product"}],"wp:featuredmedia":[{"embeddable":true,"href":"https:\/\/www.qualityexportsm.com\/beta\/wp-json\/wp\/v2\/media\/1611"}],"wp:attachment":[{"href":"https:\/\/www.qualityexportsm.com\/beta\/wp-json\/wp\/v2\/media?parent=1532"}],"wp:term":[{"taxonomy":"product_brand","embeddable":true,"href":"https:\/\/www.qualityexportsm.com\/beta\/wp-json\/wp\/v2\/product_brand?post=1532"},{"taxonomy":"product_cat","embeddable":true,"href":"https:\/\/www.qualityexportsm.com\/beta\/wp-json\/wp\/v2\/product_cat?post=1532"},{"taxonomy":"product_tag","embeddable":true,"href":"https:\/\/www.qualityexportsm.com\/beta\/wp-json\/wp\/v2\/product_tag?post=1532"}],"curies":[{"name":"wp","href":"https:\/\/api.w.org\/{rel}","templated":true}]}}